s divided by r.
12
Let b be 9/(-15) + 17/(-5). Let f(k) = k**2 + k + 12. What is the remainder when (-7 - b) + (-48)/(-1) is divided by f(0)?
9
Let i(o) = -8*o + 4. Let y = -23 - -56. What is the remainder when y is divided by i(-1)?
9
Let m = 15 - -11. Suppose -u + 5*t = -20, -2*u - 3*t = -4*u + m. Calculate the remainder when 18 is divided by u.
8
Calculate the remainder when 99 is divided by 2*(24/3 - -2).
19
Let n(v) = 6*v - 11. What is the remainder when 47 is divided by n(6)?
22
Let h be (-2)/3*(0 + -6). Let r(x) = 2*x**2 + 3*x - 1. Calculate the remainder when 98/h + (-3)/6 is divided by r(2).
11
Let i(p) = 6*p + 22. Calculate the remainder when i(5) is divided by 18.
16
Suppose -3*o = -6, 0*a + 3*a = 3*o + 3. Suppose -t - a*g + 114 = -g, 5*g = t - 86. Calculate the remainder when t is divided by 27.
25
Let f(g) = 20*g**2 - 1. Let b be f(-1). Suppose -5*t = -7*t. Suppose -3*k + b = q, 4*k = -t*q + 5*q. Calculate the remainder when k is divided by 4.
1
Suppose 14 = -4*n - 5*f, f = -n + 4*f + 5. What is the remainder when n/3 + 280/12 is divided by 12?
11
Let v be ((-6)/(-4))/(4/8). Suppose -v*s + 138 = 48. What is the remainder when 87 is divided by s?
27
Let n = -24 - -30. What is the remainder when 10 is divided by n?
4
Let n = 7 - 15. Let p = n - -10. Suppose -3*l - p*l = -25, -4*k + 26 = -2*l. What is the remainder when k is divided by 5?
4
Suppose u - 4*a - 30 = 2*u, -3*u - a - 112 = 0. Let l = 91 + -27. Let z = u + l. Calculate the remainder when 50 is divided by z.
24
Let g = 7 - 0. Let f(p) = -p**2 + 8*p + 8. Calculate the remainder when f(g) is divided by 8.
7
Let x(h) = 16*h**2 - 4*h + 2. Let a be x(2). Suppose -a = -4*j + 14. What is the remainder when j is divided by 10?
8
Let m = -46 + 71. Let g = m + -18. What is the remainder when 12 is divided by g?
5
Suppose 0 = 2*y - 3*y + 6. Suppose h = -2*t + 2, -4*t = -0 + 16. What is the remainder when h is divided by y?
4
Suppose -2*k + 3 + 1 = 0, -92 = -4*o - 4*k. What is the remainder when 62 is divided by o?
20
Let w = 47 - 95. Let y = 77 + w. Let i(d) = -d**3 + 4*d**2 + 2*d. What is the remainder when y is divided by i(3)?
14
Let r be 2*(3 + -1 + -1). Suppose 2*c + 0*c + 2*j - 36 = 0, -r*c + 4*j + 24 = 0. Calculate the remainder when c is divided by 9.
7
Let o be (-1 + (-9)/2)*-6. Suppose -c + 11 = 4*y, -3*y + 5*c + o = -y. Suppose 3*t + 4 = y*t. Calculate the remainder when t is divided by 3.
1
Let l = 43 + -20. What is the remainder when 68 is divided by l?
22
Suppose -4*p + 16 = n, -3*n - 5*p = -0*n - 41. What is the remainder when 46 is divided by n?
10
Suppose 22 = 3*m - 17. What is the remainder when 101 is divided by m?
10
Let c(i) = i**3 + 9*i**2 - 4*i**2 - 1 + 3*i + 2*i - 6*i. Let w be c(-5). What is the remainder when 8*(-1 - (-7)/w) is divided by 3?
0
Let j be (-1)/(((-2)/(-6))/(-1)). Suppose -j*z + z + 46 = 0. Let l = 451 - 384. Calculate the remainder when l is divided by z.
21
Suppose a + 7 = -4*c + 15, 4 = -4*c - 4*a. Let u be 46/(-8) + c/(-12). Calculate the remainder when (-1)/2 + (-51)/u is divided by 3.
2
Let y(x) = x**3 + 9*x**2 + 9*x + 17. Calculate the remainder when 59 is divided by y(-8).
5
What is the remainder when 55 is divided by 13 - -3 - (-4 - -1)?
17
Let x(y) = y**3 + 15*y**2 - 15*y + 27. Calculate the remainder when 51 is divided by x(-16).
7
Suppose -3*l = l - 40. Calculate the remainder when 21 + 2 + 1 - -4 is divided by l.
8
Let a = -155 - -218. Let i(w) = -w**2 - 11*w - 14. What is the remainder when a is divided by i(-6)?
15
Let c be ((-96)/(-28))/((-1)/(-14)). What is the remainder when (c - 2)*(-3)/(-6) is divided by 13?
10
Suppose -21 = -5*d + 54. What is the remainder when 2 - 4 - 62*5/(-10) is divided by d?
14
Let x be 1/1 + 1 + 1. Suppose 2*s = x*s - 33. What is the remainder when s is divided by 17?
16
Let y = 161 + -92. What is the remainder when y is divided by 36?
33
Let c(t) = t**2 - 8*t - 10. Suppose -5*d = -4*d + 3. What is the remainder when 59/3 + 2/d is divided by c(10)?
9
Suppose -17*x + 154 = -6*x. What is the remainder when 4/14 + 752/14 is divided by x?
12
Let l be (-8)/28 + 384/21. Let o = l + -11. Calculate the remainder when o is divided by 4.
3
Let a = 465 + -269. Suppose q + 3*q - a = 0. Calculate the remainder when q is divided by 13.
10
Let k = 15 - 7. What is the remainder when 21 is divided by k?
5
Let y = -5 + 26. Calculate the remainder when 60 is divided by y.
18
Let l(m) = -7*m + 6. Let p(f) = -7*f + 7. Let g(s) = 3*l(s) - 2*p(s). What is the remainder when g(-4) is divided by 11?
10
Calculate the remainder when 104/8*1/1 is divided by 7.
6
Let k(z) = z**2 + 4 + 11 + 9*z - 9*z + 15*z. Let m(s) = s**3 - 4*s**2 + 2*s - 2. Calculate the remainder when k(-15) is divided by m(4).
3
Let c(f) = -f**2 + 8*f + 2. What is the remainder when 7 is divided by c(8)?
1
Let u(s) = -s**2 + 5*s + 7. Let r be u(6). Let d be (r - 3) + 28*2. Suppose -9 = 3*n - d. Calculate the remainder when 43 is divided by n.
13
Suppose 0 = 8*w + w - 99. Calculate the remainder when 27 is divided by w.
5
Suppose 7*f - 1896 = -608. What is the remainder when f is divided by 31?
29
Let v(d) = 0 + d**3 - 7*d - 3*d**2 - 2 + 5. Suppose -r + 54 = -n, n + 160 = 6*r - 3*r. Calculate the remainder when r is divided by v(5).
17
Let k(m) = -m**3 - m**2. Suppose 5*a + 3*z = 0, -7*a = -2*a - 5*z + 40. What is the remainder when k(a) is divided by 10?
8
What is the remainder when (1 - -8)*(-4)/(-4) is divided by 2?
1
Let s = 86 - 49. Calculate the remainder when s is divided by 13.
11
Let i = -38 - -43. What is the remainder when 7 is divided by i?
2
Suppose 3*d - 35 = -2*d. Calculate the remainder when 18 is divided by d.
4
Suppose 4*o + 108 = 7*o. Suppose -h - 4*m + 14 + 5 = 0, -m = 3*h - 57. What is the remainder when o is divided by h?
17
What is the remainder when (-2 - (-2 - 1)) + 48 + -1 is divided by 7?
6
Suppose -d = 3*s + 2*d + 51, -33 = 4*s - 3*d. Let t = s - -16. Calculate the remainder when 5 is divided by t.
1
Suppose -4*z + 205 = z. Let i = 3 - 1. Suppose 5*h - m - 125 = 3*m, h = i*m + 31. Calculate the remainder when z is divided by h.
20
Suppose -2*g = -5 - 25. Calculate the remainder when 73 is divided by g.
13
Let n = 42 - 41. Calculate the remainder when n is divided by 1.
0
Let x(p) = 2*p**2 + 5*p - 5. What is the remainder when x(-5) is divided by 7?
6
Calculate the remainder when (-316)/(-4)*(5 - 4) is divided by 20.
19
Suppose -65 = -249*u + 244*u. What is the remainder when 88 is divided by u?
10
Suppose -5*o = d - 14 - 16, -4*o - 3*d = -35. Suppose 4*r + o = 57. What is the remainder when 23 is divided by r?
10
Let l = 29 + -19. Suppose 4*k + 5*c - 445 = 0, -5*k + 10*k - 550 = -5*c. What is the remainder when k/6 + (-2)/(-4) is divided by l?
8
Suppose -4 - 29 = -3*w. Suppose 8*l - w*l = -72. What is the remainder when l is divided by 7?
3
Let q = 9 + 8. Calculate the remainder when q is divided by 10.
7
Suppose -11*o + 48 + 172 = 0. What is the remainder when 116 is divided by o?
16
Let y be (-4)/(-7) + 312/42. Let r(z) = 2*z**2 - 3*z. Calculate the remainder when r(y) is divided by 21.
20
Let h(z) = z**3 - 11*z**2 + 10*z. Let d be h(10). Suppose -3*n + 22 + 74 = d. Calculate the remainder when 95 is divided by n.
31
Let k = 8 - -2. What is the remainder when (-24)/5*k/(-2) is divided by 13?
11
Let z(u) = -8*u + 1. What is the remainder when 22 is divided by z(-1)?
4
Let f = -64 + 123. What is the remainder when f is divided by 15?
14
Calculate the remainder when 61 is divided by (45/30)/((-6)/(-64)).
13
Let b be 20/(-2)*6/(-12). Suppose 42 - 257 = -b*k. Calculate the remainder when k is divided by 11.
10
Suppose 2*s - 55 - 13 = 0. What is the remainder when 64 is divided by s?
30
Let o(z) = -z. Let u(h) = -12*h + 1. Let b(l) = 4*o(l) - u(l). Suppose 14*r - 10*r = 32. What is the remainder when b(2) is divided by r?
7
Let o = -9 + 19. What is the remainder when ((-3)/5)/((-5)/225) is divided by o?
7
Let b(w) = -3*w - 16. Calculate the remainder when 14 is divided by b(-7).
4
Let y(r) = r**2 + 11*r - 1. Let d be y(-5). Let o = 45 + d. Let w(k) = -38*k + 2. What is the remainder when w(-1) is divided by o?
12
Let j = 47 + -28. Let s(g) = g**3 - 8*g**2 + 7*g + 10. Calculate the remainder when j is divided by s(7).
9
Suppose -3*s +